ommon divisor of 5515 and 1686645?
5
Calculate the highest common factor of 42 and 1962762.
6
Calculate the highest common divisor of 1750 and 29200780.
70
Calculate the greatest common divisor of 12119602 and 51667.
7381
Calculate the greatest common divisor of 83789 and 92138.
23
What is the highest common factor of 149343 and 33435?
2229
Calculate the greatest common divisor of 7146 and 25330188.
2382
What is the highest common factor of 4521220 and 11540?
20
Calculate the greatest common divisor of 4 and 378854888.
4
What is the greatest common divisor of 69 and 100752535?
23
Calculate the highest common divisor of 1274 and 1009882601.
637
What is the highest common factor of 70 and 1501310?
10
What is the highest common divisor of 146980 and 90?
10
Calculate the highest common divisor of 46917 and 5161.
13
Calculate the greatest common divisor of 1223222847 and 33.
33
What is the highest common divisor of 13103901 and 684?
171
What is the greatest common factor of 1275 and 67713465?
255
Calculate the highest common divisor of 263891 and 9044.
323
Calculate the greatest common factor of 356 and 699472.
4
Calculate the highest common factor of 5218808 and 574.
574
What is the greatest common factor of 5971210 and 80?
10
What is the greatest common factor of 1370620036 and 68?
68
What is the highest common divisor of 42520989 and 1827?
609
Calculate the greatest common factor of 3463656 and 8.
8
Calculate the greatest common factor of 3690456 and 3171.
21
What is the highest common divisor of 2386190 and 3760?
470
What is the greatest common factor of 57414 and 6168?
6
Calculate the greatest common divisor of 52234 and 1545495.
287
What is the greatest common factor of 22574208 and 3712?
128
Calculate the highest common divisor of 6054524 and 616.
28
Calculate the highest common divisor of 616 and 5839768.
88
Calculate the greatest common divisor of 17252144 and 910.
182
Calculate the greatest common factor of 17739496 and 2620.
524
What is the highest common factor of 848 and 6122704?
16
Calculate the highest common divisor of 1516202160 and 11360.
5680
What is the highest common divisor of 648332 and 116630?
218
Calculate the greatest common divisor of 346034 and 32734.
26
What is the highest common factor of 16327521 and 8631?
63
What is the greatest common divisor of 226029672 and 946?
946
Calculate the highest common divisor of 19 and 587443.
1
What is the highest common factor of 4956973 and 14?
7
What is the greatest common factor of 1146753 and 8601?
141
What is the highest common factor of 16296490 and 21280?
1330
Calculate the highest common factor of 672234 and 287790.
1086
Calculate the highest common factor of 215479394 and 338.
338
What is the highest common divisor of 670 and 426430?
10
What is the highest common divisor of 10314888 and 3488?
872
Calculate the highest common factor of 306 and 730966.
34
What is the highest common factor of 50 and 40087630?
10
Calculate the highest common divisor of 28 and 971249706.
14
What is the greatest common divisor of 15362949 and 105?
21
What is the greatest common divisor of 155 and 13465532?
31
What is the greatest common factor of 311927 and 41426?
77
What is the highest common divisor of 555375 and 51750?
375
Calculate the highest common divisor of 1757 and 875488.
251
What is the greatest common divisor of 23484 and 29222?
38
Calculate the greatest common factor of 3526026 and 17094.
1554
What is the greatest common divisor of 918898 and 18268784?
9098
Calculate the highest common factor of 23 and 5240423.
1
Calculate the highest common divisor of 882 and 35921802.
294
Calculate the greatest common divisor of 497 and 103627340.
71
Calculate the greatest common factor of 1368 and 9213936.
456
What is the greatest common divisor of 44458854 and 1122?
66
Calculate the highest common factor of 439756 and 8092.
68
Calculate the highest common divisor of 519745 and 80.
5
Calculate the greatest common divisor of 1 and 237235337.
1
Calculate the greatest common factor of 1078116 and 767.
13
Calculate the highest common divisor of 1086 and 30100300.
362
Calculate the greatest common divisor of 158330079 and 27.
27
Calculate the highest common factor of 304750 and 10373.
23
What is the highest common divisor of 1594210877 and 1946?
973
What is the greatest common factor of 78 and 78888108?
78
Calculate the greatest common factor of 1510 and 16329895.
755
What is the highest common factor of 60339240 and 49140?
2340
Calculate the greatest common factor of 92 and 19565318.
46
What is the greatest common divisor of 194080475 and 525?
25
What is the greatest common factor of 33553 and 42601?
377
Calculate the highest common divisor of 361 and 4132367.
361
Calculate the greatest common factor of 1890 and 810945.
135
Calculate the highest common factor of 6767 and 746188.
101
Calculate the greatest common factor of 11735 and 10805.
5
Calculate the highest common divisor of 4442197 and 253.
23
Calculate the highest common factor of 9684 and 699372.
36
What is the highest common factor of 1818 and 333900?
18
What is the highest common factor of 2794650 and 683550?
4650
What is the highest common divisor of 2890 and 87590?
10
What is the highest common divisor of 192 and 14505296?
16
What is the highest common factor of 2956 and 57548886?
1478
What is the greatest common divisor of 2997 and 152623446?
111
Calculate the highest common factor of 170 and 10438816.
34
Calculate the highest common divisor of 13663847 and 339.
113
What is the highest common divisor of 60725 and 69475?
175
Calculate the highest common divisor of 870 and 36963690.
870
Calculate the greatest common divisor of 13970 and 240779935.
6985
Calculate the greatest common factor of 49129599 and 444.
111
What is the greatest common divisor of 30564 and 887391?
9
Calculate the highest common factor of 156 and 205257936.
156
What is the greatest common factor of 104255 and 179365?
145
Calculate the highest common divisor of 463467 and 83801.
47
Calculate the greatest common factor of 6720 and 5276572.
28
Calculate the greatest common factor of 24690574 and 4.
2
Calculate the greatest common factor of 61731692 and 44.
44
Calculate the greatest common factor of 199332 and 776454.
294
Calculate the highest common divisor of 3762212 and 56.
4
What is the greatest common divisor of 3083205 and 79665?
1695
What is the highest common divisor of 212595201 and 2436?
609
What is the greatest common divisor of 163394 and 750?
2
Calculate the greatest common divisor of 32448 and 729066.
1014
Calculate the greatest common divisor of 9712479 and 462.
21
Calculate the greatest common factor of 27189526 and 65.
13
What is the greatest common divisor of 41391329 and 25921?
1127
What is the highest common divisor of 451 and 15548225?
451
What is the greatest common divisor of 1459817 and 9691?
881
Calculate the greatest common factor of 14177040 and 342.
114
Calculate the highest common divisor of 6187494 and 8.
2
What is the greatest common divisor of 1514335 and 5535?
205
Calculate the highest common factor of 157988 and 1385816.
1244
What is the greatest common divisor of 206345450 and 511?
73
Calculate the highest common factor of 202617529 and 283.
283
What is the highest common divisor of 241720 and 61?
1
What is the highest common factor of 15395585 and 1285?
1285
What is the greatest common factor of 1408704 and 435?
87
What is the highest common factor of 457000 and 73000?
1000
What is the highest common divisor of 32 and 622558?
2
What is the highest common divisor of 108 and 5431050?
54
Calculate the greatest common divisor of 46840 and 4500.
20
What is the greatest common factor of 54261382 and 17?
17
What is the greatest common factor of 11702457 and 17245?
3449
What is the highest common factor of 159936 and 60061?
17
What is the greatest common divisor of 2085 and 29178075?
15
Calculate the highest common factor of 1639484 and 28336.
308
Calculate the greatest common divisor of 308 and 924044.
44
Calculate the greatest common divisor of 71314494 and 60.
6
Calculate the highest common divisor of 4 and 159103932.
4
What is the highest common divisor of 202979 and 1066114?
1897
What is the greatest common factor of 1955583 and 231?
21
Ca